{"id":1900,"date":"2023-01-07T16:05:50","date_gmt":"2023-01-07T15:05:50","guid":{"rendered":"https:\/\/astragale74.fr\/?page_id=1900"},"modified":"2024-08-25T17:45:08","modified_gmt":"2024-08-25T15:45:08","slug":"presentation-2","status":"publish","type":"page","link":"https:\/\/astragale74.fr\/?page_id=1900","title":{"rendered":"Pr\u00e9sentation"},"content":{"rendered":"\t\t<div data-elementor-type=\"wp-page\" data-elementor-id=\"1900\" class=\"elementor elementor-1900\">\n\t\t\t\t\t\t<section class=\"elementor-section elementor-top-section elementor-element elementor-element-64df293 elementor-section-boxed elementor-section-height-default elementor-section-height-default\" data-id=\"64df293\" data-element_type=\"section\" data-e-type=\"section\" data-settings=\"{&quot;background_background&quot;:&quot;classic&quot;}\">\n\t\t\t\t\t\t<div class=\"elementor-container elementor-column-gap-default\">\n\t\t\t\t\t<div class=\"elementor-column elementor-col-100 elementor-top-column elementor-element elementor-element-5b57361\" data-id=\"5b57361\" data-element_type=\"column\" data-e-type=\"column\">\n\t\t\t<div class=\"elementor-widget-wrap elementor-element-populated\">\n\t\t\t\t\t\t<div class=\"elementor-element elementor-element-c17a1ff elementor-widget elementor-widget-heading\" data-id=\"c17a1ff\" data-element_type=\"widget\" data-e-type=\"widget\" data-widget_type=\"heading.default\">\n\t\t\t\t<div class=\"elementor-widget-container\">\n\t\t\t\t\t<h2 class=\"elementor-heading-title elementor-size-default\">Pr\u00e9sentation<\/h2>\t\t\t\t<\/div>\n\t\t\t\t<\/div>\n\t\t\t\t\t<\/div>\n\t\t<\/div>\n\t\t\t\t\t<\/div>\n\t\t<\/section>\n\t\t\t\t<section class=\"elementor-section elementor-top-section elementor-element elementor-element-de5944c elementor-section-boxed elementor-section-height-default elementor-section-height-default\" data-id=\"de5944c\" data-element_type=\"section\" data-e-type=\"section\" data-settings=\"{&quot;shape_divider_top&quot;:&quot;curve&quot;,&quot;shape_divider_top_negative&quot;:&quot;yes&quot;}\">\n\t\t\t\t\t<div class=\"elementor-shape elementor-shape-top\" aria-hidden=\"true\" data-negative=\"true\">\n\t\t\t<svg xmlns=\"http:\/\/www.w3.org\/2000\/svg\" viewBox=\"0 0 1000 100\" preserveAspectRatio=\"none\">\n\t<path class=\"elementor-shape-fill\" d=\"M500,97C126.7,96.3,0.8,19.8,0,0v100l1000,0V1C1000,19.4,873.3,97.8,500,97z\"\/>\n<\/svg>\t\t<\/div>\n\t\t\t\t\t<div class=\"elementor-container elementor-column-gap-default\">\n\t\t\t\t\t<div class=\"elementor-column elementor-col-100 elementor-top-column elementor-element elementor-element-7b63670\" data-id=\"7b63670\" data-element_type=\"column\" data-e-type=\"column\">\n\t\t\t<div class=\"elementor-widget-wrap elementor-element-populated\">\n\t\t\t\t\t\t<div class=\"elementor-element elementor-element-da9459b elementor-widget elementor-widget-spacer\" data-id=\"da9459b\" data-element_type=\"widget\" data-e-type=\"widget\" data-widget_type=\"spacer.default\">\n\t\t\t\t<div class=\"elementor-widget-container\">\n\t\t\t\t\t\t\t<div class=\"elementor-spacer\">\n\t\t\t<div class=\"elementor-spacer-inner\"><\/div>\n\t\t<\/div>\n\t\t\t\t\t\t<\/div>\n\t\t\t\t<\/div>\n\t\t\t\t\t<\/div>\n\t\t<\/div>\n\t\t\t\t\t<\/div>\n\t\t<\/section>\n\t\t\t\t<section class=\"elementor-section elementor-top-section elementor-element elementor-element-4c2fc48 elementor-section-boxed elementor-section-height-default elementor-section-height-default\" data-id=\"4c2fc48\" data-element_type=\"section\" data-e-type=\"section\">\n\t\t\t\t\t\t<div class=\"elementor-container elementor-column-gap-default\">\n\t\t\t\t\t<div class=\"elementor-column elementor-col-100 elementor-top-column elementor-element elementor-element-453cf55\" data-id=\"453cf55\" data-element_type=\"column\" data-e-type=\"column\">\n\t\t\t<div class=\"elementor-widget-wrap elementor-element-populated\">\n\t\t\t\t\t\t<section class=\"elementor-section elementor-inner-section elementor-element elementor-element-7e19e74 elementor-section-full_width elementor-section-height-default elementor-section-height-default\" data-id=\"7e19e74\" data-element_type=\"section\" data-e-type=\"section\">\n\t\t\t\t\t\t<div class=\"elementor-container elementor-column-gap-default\">\n\t\t\t\t\t<div class=\"elementor-column elementor-col-50 elementor-inner-column elementor-element elementor-element-8a8ec61\" data-id=\"8a8ec61\" data-element_type=\"column\" data-e-type=\"column\">\n\t\t\t<div class=\"elementor-widget-wrap elementor-element-populated\">\n\t\t\t\t\t\t<div class=\"elementor-element elementor-element-c15ebb2 elementor-widget elementor-widget-video\" data-id=\"c15ebb2\" data-element_type=\"widget\" data-e-type=\"widget\" data-settings=\"{&quot;youtube_url&quot;:&quot;https:\\\/\\\/youtu.be\\\/RgwMY40yO9s&quot;,&quot;yt_privacy&quot;:&quot;yes&quot;,&quot;video_type&quot;:&quot;youtube&quot;,&quot;controls&quot;:&quot;yes&quot;}\" data-widget_type=\"video.default\">\n\t\t\t\t<div class=\"elementor-widget-container\">\n\t\t\t\t\t\t\t<div class=\"elementor-wrapper elementor-open-inline\">\n\t\t\t<div class=\"elementor-video\"><\/div>\t\t<\/div>\n\t\t\t\t\t\t<\/div>\n\t\t\t\t<\/div>\n\t\t\t\t\t<\/div>\n\t\t<\/div>\n\t\t\t\t<div class=\"elementor-column elementor-col-50 elementor-inner-column elementor-element elementor-element-cf5a403\" data-id=\"cf5a403\" data-element_type=\"column\" data-e-type=\"column\">\n\t\t\t<div class=\"elementor-widget-wrap elementor-element-populated\">\n\t\t\t\t\t\t<div class=\"elementor-element elementor-element-50f8922 elementor-widget elementor-widget-text-editor\" data-id=\"50f8922\" data-element_type=\"widget\" data-e-type=\"widget\" data-widget_type=\"text-editor.default\">\n\t\t\t\t<div class=\"elementor-widget-container\">\n\t\t\t\t\t\t\t\t\t<p id=\"u5217-3\"><strong><span id=\"u5217\">Michel Charruyer<\/span><\/strong> a exerc\u00e9 son m\u00e9tier pendant plus de 30 ans, aujourd\u2019hui \u00e0 la retraite.<\/p><p id=\"u5217-6\">Il s\u2019est tout d\u2019abord orient\u00e9 vers des m\u00e9decines globales (r\u00e9flexologie, m\u00e9decine \u00e9nerg\u00e9tique chinoise, comportementale etc. \u2026) , puis s\u2019est form\u00e9 \u00e0 la psychologie transpersonnelle, \u00e0 la psychanalyse active et \u00e0 la passionnante d\u00e9couverte des lois biologiques universelles.<\/p><p id=\"u5217-9\">Il a mis au point une lecture d\u2019empreinte de pied o\u00f9 se lisent les probl\u00e9matiques de vie li\u00e9es \u00e0 notre vie actuelle, \u00e0 celle de l\u2019enfance et au transg\u00e9n\u00e9rationnel.<\/p><p id=\"u5217-12\">Chercheur en qu\u00eate de sens reliant l\u2019inconscient au conscient pour mieux en saisir les messages cach\u00e9s afin d\u2019apaiser et de cicatriser les blessures si longtemps congel\u00e9es.<\/p>\t\t\t\t\t\t\t\t<\/div>\n\t\t\t\t<\/div>\n\t\t\t\t\t<\/div>\n\t\t<\/div>\n\t\t\t\t\t<\/div>\n\t\t<\/section>\n\t\t\t\t<section class=\"elementor-section elementor-inner-section elementor-element elementor-element-de6c1f1 elementor-section-boxed elementor-section-height-default elementor-section-height-default\" data-id=\"de6c1f1\" data-element_type=\"section\" data-e-type=\"section\">\n\t\t\t\t\t\t<div class=\"elementor-container elementor-column-gap-default\">\n\t\t\t\t\t<div class=\"elementor-column elementor-col-50 elementor-inner-column elementor-element elementor-element-7646247\" data-id=\"7646247\" data-element_type=\"column\" data-e-type=\"column\">\n\t\t\t<div class=\"elementor-widget-wrap elementor-element-populated\">\n\t\t\t\t\t\t<div class=\"elementor-element elementor-element-f43738e elementor-widget elementor-widget-text-editor\" data-id=\"f43738e\" data-element_type=\"widget\" data-e-type=\"widget\" data-widget_type=\"text-editor.default\">\n\t\t\t\t<div class=\"elementor-widget-container\">\n\t\t\t\t\t\t\t\t\t<p id=\"u5217-15\">Tous les s\u00e9minaires se font dans le plus grand respect de l\u2019histoire de chacun, de chacune, sans aucun jugement, ni critique.<\/p><p>Son outil majeur et indispensable c\u2019est\u00a0:\u00a0<strong><span id=\"u5217-18\">LES PROCESSUS<\/span><\/strong><\/p><p id=\"u5217-19\">Processus : Etymologie latine : procedere (aller de l\u2019avant, marcher en t\u00eate)<\/p>\t\t\t\t\t\t\t\t<\/div>\n\t\t\t\t<\/div>\n\t\t\t\t<div class=\"elementor-element elementor-element-9be2e38 elementor-widget elementor-widget-text-editor\" data-id=\"9be2e38\" data-element_type=\"widget\" data-e-type=\"widget\" data-widget_type=\"text-editor.default\">\n\t\t\t\t<div class=\"elementor-widget-container\">\n\t\t\t\t\t\t\t\t\t<p>C\u2019est la mise en\u00a0<span id=\"u5218-4\">VIVANCE<\/span>, (en mouvement) des probl\u00e9matiques congel\u00e9es de l\u2019arbre g\u00e9n\u00e9alogique en lien avec notre propre histoire de vie.<\/p><p>C\u2019est un v\u00e9ritable travail qui passe par le corps, court-circuitant totalement le mental, laissant toute la place \u00e0 l\u2019intuition, l\u2019inspiration et la sensation.<\/p><p>Gr\u00e2ce \u00e0 ces constellations, l\u2019\u00e9nergie contenue si longtemps se remet \u00e0 circuler, la Joie, reprend sa place.<\/p>\t\t\t\t\t\t\t\t<\/div>\n\t\t\t\t<\/div>\n\t\t\t\t\t<\/div>\n\t\t<\/div>\n\t\t\t\t<div class=\"elementor-column elementor-col-50 elementor-inner-column elementor-element elementor-element-1f89ead\" data-id=\"1f89ead\" data-element_type=\"column\" data-e-type=\"column\">\n\t\t\t<div class=\"elementor-widget-wrap elementor-element-populated\">\n\t\t\t\t\t\t<div class=\"elementor-element elementor-element-3ea9bde elementor-widget elementor-widget-image\" data-id=\"3ea9bde\" data-element_type=\"widget\" data-e-type=\"widget\" data-widget_type=\"image.default\">\n\t\t\t\t<div class=\"elementor-widget-container\">\n\t\t\t\t\t\t\t\t\t\t\t\t\t\t\t<img fetchpriority=\"high\" fetchpriority=\"high\" decoding=\"async\" width=\"450\" height=\"581\" src=\"https:\/\/astragale74.fr\/wp-content\/uploads\/2023\/01\/MICHEL-CHARRUYER.jpg\" class=\"attachment-large size-large wp-image-2880\" alt=\"\" srcset=\"https:\/\/astragale74.fr\/wp-content\/uploads\/2023\/01\/MICHEL-CHARRUYER.jpg 450w, https:\/\/astragale74.fr\/wp-content\/uploads\/2023\/01\/MICHEL-CHARRUYER-232x300.jpg 232w, https:\/\/astragale74.fr\/wp-content\/uploads\/2023\/01\/MICHEL-CHARRUYER-400x516.jpg 400w\" sizes=\"(max-width: 450px) 100vw, 450px\" \/>\t\t\t\t\t\t\t\t\t\t\t\t\t\t\t<\/div>\n\t\t\t\t<\/div>\n\t\t\t\t\t<\/div>\n\t\t<\/div>\n\t\t\t\t\t<\/div>\n\t\t<\/section>\n\t\t\t\t\t<\/div>\n\t\t<\/div>\n\t\t\t\t\t<\/div>\n\t\t<\/section>\n\t\t\t\t<section class=\"elementor-section elementor-top-section elementor-element elementor-element-ec83931 elementor-section-boxed elementor-section-height-default elementor-section-height-default\" data-id=\"ec83931\" data-element_type=\"section\" data-e-type=\"section\" data-settings=\"{&quot;background_background&quot;:&quot;classic&quot;,&quot;shape_divider_bottom&quot;:&quot;curve&quot;,&quot;shape_divider_bottom_negative&quot;:&quot;yes&quot;}\">\n\t\t\t\t\t<div class=\"elementor-shape elementor-shape-bottom\" aria-hidden=\"true\" data-negative=\"true\">\n\t\t\t<svg xmlns=\"http:\/\/www.w3.org\/2000\/svg\" viewBox=\"0 0 1000 100\" preserveAspectRatio=\"none\">\n\t<path class=\"elementor-shape-fill\" d=\"M500,97C126.7,96.3,0.8,19.8,0,0v100l1000,0V1C1000,19.4,873.3,97.8,500,97z\"\/>\n<\/svg>\t\t<\/div>\n\t\t\t\t\t<div class=\"elementor-container elementor-column-gap-default\">\n\t\t\t\t\t<div class=\"elementor-column elementor-col-100 elementor-top-column elementor-element elementor-element-241d88b\" data-id=\"241d88b\" data-element_type=\"column\" data-e-type=\"column\">\n\t\t\t<div class=\"elementor-widget-wrap elementor-element-populated\">\n\t\t\t\t\t\t<section class=\"elementor-section elementor-inner-section elementor-element elementor-element-91d1fcb elementor-section-boxed elementor-section-height-default elementor-section-height-default\" data-id=\"91d1fcb\" data-element_type=\"section\" data-e-type=\"section\">\n\t\t\t\t\t\t<div class=\"elementor-container elementor-column-gap-default\">\n\t\t\t\t\t<div class=\"elementor-column elementor-col-33 elementor-inner-column elementor-element elementor-element-6585f9a\" data-id=\"6585f9a\" data-element_type=\"column\" data-e-type=\"column\">\n\t\t\t<div class=\"elementor-widget-wrap elementor-element-populated\">\n\t\t\t\t\t\t<div class=\"elementor-element elementor-element-c81f1c7 elementor-widget elementor-widget-heading\" data-id=\"c81f1c7\" data-element_type=\"widget\" data-e-type=\"widget\" data-widget_type=\"heading.default\">\n\t\t\t\t<div class=\"elementor-widget-container\">\n\t\t\t\t\t<h2 class=\"elementor-heading-title elementor-size-default\"><a href=\"https:\/\/astragale74.fr\/?page_id=2046\">Contact<\/a><\/h2>\t\t\t\t<\/div>\n\t\t\t\t<\/div>\n\t\t\t\t<div class=\"elementor-element elementor-element-08d0ed4 elementor-widget elementor-widget-text-editor\" data-id=\"08d0ed4\" data-element_type=\"widget\" data-e-type=\"widget\" data-widget_type=\"text-editor.default\">\n\t\t\t\t<div class=\"elementor-widget-container\">\n\t\t\t\t\t\t\t\t\t<p>Association l\u2019Astragale<\/p><p>533 route de chez le Fran\u00e7ais<\/p><p>74270 Chilly<\/p>\t\t\t\t\t\t\t\t<\/div>\n\t\t\t\t<\/div>\n\t\t\t\t<div class=\"elementor-element elementor-element-da41643 elementor-widget elementor-widget-text-editor\" data-id=\"da41643\" data-element_type=\"widget\" data-e-type=\"widget\" data-widget_type=\"text-editor.default\">\n\t\t\t\t<div class=\"elementor-widget-container\">\n\t\t\t\t\t\t\t\t\t<p><strong>07 49 58 34 83<\/strong><\/p><p><strong>astragale74@yahoo.com<\/strong><\/p>\t\t\t\t\t\t\t\t<\/div>\n\t\t\t\t<\/div>\n\t\t\t\t\t<\/div>\n\t\t<\/div>\n\t\t\t\t<div class=\"elementor-column elementor-col-33 elementor-inner-column elementor-element elementor-element-2b8327f\" data-id=\"2b8327f\" data-element_type=\"column\" data-e-type=\"column\">\n\t\t\t<div class=\"elementor-widget-wrap elementor-element-populated\">\n\t\t\t\t\t\t<div class=\"elementor-element elementor-element-5060a92 elementor-align-center elementor-widget elementor-widget-button\" data-id=\"5060a92\" data-element_type=\"widget\" data-e-type=\"widget\" data-widget_type=\"button.default\">\n\t\t\t\t<div class=\"elementor-widget-container\">\n\t\t\t\t\t\t\t\t\t<div class=\"elementor-button-wrapper\">\n\t\t\t\t\t<a class=\"elementor-button elementor-button-link elementor-size-sm\" href=\"https:\/\/astragale74.fr\/?page_id=1753\">\n\t\t\t\t\t\t<span class=\"elementor-button-content-wrapper\">\n\t\t\t\t\t\t\t\t\t<span class=\"elementor-button-text\">D\u00e9couvrir le calendrier<\/span>\n\t\t\t\t\t<\/span>\n\t\t\t\t\t<\/a>\n\t\t\t\t<\/div>\n\t\t\t\t\t\t\t\t<\/div>\n\t\t\t\t<\/div>\n\t\t\t\t\t<\/div>\n\t\t<\/div>\n\t\t\t\t<div class=\"elementor-column elementor-col-33 elementor-inner-column elementor-element elementor-element-c8b2667\" data-id=\"c8b2667\" data-element_type=\"column\" data-e-type=\"column\">\n\t\t\t<div class=\"elementor-widget-wrap elementor-element-populated\">\n\t\t\t\t\t\t<div class=\"elementor-element elementor-element-89e46cd elementor-widget elementor-widget-image\" data-id=\"89e46cd\" data-element_type=\"widget\" data-e-type=\"widget\" data-widget_type=\"image.default\">\n\t\t\t\t<div class=\"elementor-widget-container\">\n\t\t\t\t\t\t\t\t\t\t\t\t\t\t\t<img decoding=\"async\" width=\"1463\" height=\"553\" src=\"https:\/\/astragale74.fr\/wp-content\/uploads\/2022\/12\/Lastragale-1-e1671273612749.png\" class=\"attachment-full size-full wp-image-964\" alt=\"\" srcset=\"https:\/\/astragale74.fr\/wp-content\/uploads\/2022\/12\/Lastragale-1-e1671273612749.png 1463w, https:\/\/astragale74.fr\/wp-content\/uploads\/2022\/12\/Lastragale-1-e1671273612749-1280x553.png 1280w, https:\/\/astragale74.fr\/wp-content\/uploads\/2022\/12\/Lastragale-1-e1671273612749-980x551.png 980w, https:\/\/astragale74.fr\/wp-content\/uploads\/2022\/12\/Lastragale-1-e1671273612749-480x270.png 480w\" sizes=\"(min-width: 0px) and (max-width: 480px) 480px, (min-width: 481px) and (max-width: 980px) 980px, (min-width: 981px) and (max-width: 1280px) 1280px, (min-width: 1281px) 1463px, 100vw\" \/>\t\t\t\t\t\t\t\t\t\t\t\t\t\t\t<\/div>\n\t\t\t\t<\/div>\n\t\t\t\t\t<\/div>\n\t\t<\/div>\n\t\t\t\t\t<\/div>\n\t\t<\/section>\n\t\t\t\t\t<\/div>\n\t\t<\/div>\n\t\t\t\t\t<\/div>\n\t\t<\/section>\n\t\t\t\t<\/div>\n\t\t","protected":false},"excerpt":{"rendered":"<p>Pr\u00e9sentation https:\/\/youtu.be\/RgwMY40yO9s Michel Charruyer a exerc\u00e9 son m\u00e9tier pendant plus de 30 ans, aujourd\u2019hui \u00e0 la retraite. Il s\u2019est tout d\u2019abord orient\u00e9 vers des m\u00e9decines globales (r\u00e9flexologie, m\u00e9decine \u00e9nerg\u00e9tique chinoise, comportementale etc. \u2026) , puis s\u2019est form\u00e9 \u00e0 la psychologie transpersonnelle, \u00e0 la psychanalyse active et \u00e0 la passionnante d\u00e9couverte des lois biologiques universelles. Il [&hellip;]<\/p>\n","protected":false},"author":1,"featured_media":0,"parent":0,"menu_order":0,"comment_status":"closed","ping_status":"closed","template":"elementor_canvas","meta":{"_et_pb_use_builder":"on","_et_pb_old_content":"<style>\/*! elementor - v3.9.1 - 14-12-2022 *\/\n.elementor-widget-image{text-align:center}.elementor-widget-image a{display:inline-block}.elementor-widget-image a img[src$=\".svg\"]{width:48px}.elementor-widget-image img{vertical-align:middle;display:inline-block}<\/style>\t\t\t\t\t\t\t\t\t\t\t\t<img width=\"1463\" height=\"553\" src=\"http:\/\/astragale74.fr\/wp-content\/uploads\/2022\/12\/Lastragale-1-e1671273612749.png\" alt=\"\" loading=\"lazy\" srcset=\"https:\/\/astragale74.fr\/wp-content\/uploads\/2022\/12\/Lastragale-1-e1671273612749.png 1463w, https:\/\/astragale74.fr\/wp-content\/uploads\/2022\/12\/Lastragale-1-e1671273612749-300x113.png 300w, https:\/\/astragale74.fr\/wp-content\/uploads\/2022\/12\/Lastragale-1-e1671273612749-1024x387.png 1024w, https:\/\/astragale74.fr\/wp-content\/uploads\/2022\/12\/Lastragale-1-e1671273612749-768x290.png 768w, https:\/\/astragale74.fr\/wp-content\/uploads\/2022\/12\/Lastragale-1-e1671273612749-1080x408.png 1080w\" sizes=\"(max-width: 1463px) 100vw, 1463px\" \/>\t\t\t\t\t\t\t\t\t\t\t\t\t\t\t\n\t\t\t\t\t\t\tMenu\t\t\t\t\t\t\n\t\t\t\t\t\t\tFermer\t\t\t\t\t\t\n\t\t\t\t\t\t\t\t<ul id=\"menu-menu-2023\"><li id=\"premium-nav-menu-item-1764\"><a href=\"https:\/\/astragale74.fr\/\">Accueil<\/a><\/li>\n<li id=\"premium-nav-menu-item-1954\"><a href=\"https:\/\/astragale74.fr\/?page_id=1900\">Pr\u00e9sentation<\/a><\/li>\n<li id=\"premium-nav-menu-item-2879\"><a href=\"https:\/\/astragale74.fr\/?page_id=2847\">Conf\u00e9rences<\/a><\/li>\n<li id=\"premium-nav-menu-item-2135\"><a href=\"https:\/\/astragale74.fr\/?page_id=2067\">S\u00e9minaires<\/a>\n<ul>\n\t<li id=\"premium-nav-menu-item-1953\"><a href=\"https:\/\/astragale74.fr\/?page_id=1753\">Calendrier<\/a><\/li>\n<\/ul>\n<\/li>\n<li id=\"premium-nav-menu-item-1977\"><a href=\"https:\/\/astragale74.fr\/?page_id=1767\">T\u00e9moignages<\/a><\/li>\n<li id=\"premium-nav-menu-item-2176\"><a href=\"https:\/\/astragale74.fr\/?page_id=2046\">Contact<\/a><\/li>\n<\/ul>\t\t\t\t\t\t\t\n\t\t\t\t\t\t\t\t<ul id=\"menu-menu-2023-1\"><li id=\"premium-nav-menu-item-1764\"><a href=\"https:\/\/astragale74.fr\/\">Accueil<\/a><\/li>\n<li id=\"premium-nav-menu-item-1954\"><a href=\"https:\/\/astragale74.fr\/?page_id=1900\">Pr\u00e9sentation<\/a><\/li>\n<li id=\"premium-nav-menu-item-2879\"><a href=\"https:\/\/astragale74.fr\/?page_id=2847\">Conf\u00e9rences<\/a><\/li>\n<li id=\"premium-nav-menu-item-2135\"><a href=\"https:\/\/astragale74.fr\/?page_id=2067\">S\u00e9minaires<\/a>\n<ul>\n\t<li id=\"premium-nav-menu-item-1953\"><a href=\"https:\/\/astragale74.fr\/?page_id=1753\">Calendrier<\/a><\/li>\n<\/ul>\n<\/li>\n<li id=\"premium-nav-menu-item-1977\"><a href=\"https:\/\/astragale74.fr\/?page_id=1767\">T\u00e9moignages<\/a><\/li>\n<li id=\"premium-nav-menu-item-2176\"><a href=\"https:\/\/astragale74.fr\/?page_id=2046\">Contact<\/a><\/li>\n<\/ul>\t\t\t\t\t\t\t\n\t\t\t<style>\/*! elementor - v3.9.1 - 14-12-2022 *\/\n.elementor-heading-title{padding:0;margin:0;line-height:1}.elementor-widget-heading .elementor-heading-title[class*=elementor-size-]>a{color:inherit;font-size:inherit;line-height:inherit}.elementor-widget-heading .elementor-heading-title.elementor-size-small{font-size:15px}.elementor-widget-heading .elementor-heading-title.elementor-size-medium{font-size:19px}.elementor-widget-heading .elementor-heading-title.elementor-size-large{font-size:29px}.elementor-widget-heading .elementor-heading-title.elementor-size-xl{font-size:39px}.elementor-widget-heading .elementor-heading-title.elementor-size-xxl{font-size:59px}<\/style><h2>Pr\u00e9sentation<\/h2>\t\t\n\t\t\t<style>\/*! elementor - v3.9.1 - 14-12-2022 *\/\n.elementor-column .elementor-spacer-inner{height:var(--spacer-size)}.e-con{--container-widget-width:100%}.e-con-inner>.elementor-widget-spacer,.e-con>.elementor-widget-spacer{width:var(--container-widget-width,var(--spacer-size));--align-self:var(--container-widget-align-self,initial);--flex-shrink:0}.e-con-inner>.elementor-widget-spacer>.elementor-widget-container,.e-con-inner>.elementor-widget-spacer>.elementor-widget-container>.elementor-spacer,.e-con>.elementor-widget-spacer>.elementor-widget-container,.e-con>.elementor-widget-spacer>.elementor-widget-container>.elementor-spacer{height:100%}.e-con-inner>.elementor-widget-spacer>.elementor-widget-container>.elementor-spacer>.elementor-spacer-inner,.e-con>.elementor-widget-spacer>.elementor-widget-container>.elementor-spacer>.elementor-spacer-inner{height:var(--container-widget-height,var(--spacer-size))}<\/style>\t\t\n\t\thttps:\/\/youtu.be\/RgwMY40yO9s<p id=\"u5217-3\"><strong>Michel Charruyer<\/strong> a exerc\u00e9 son m\u00e9tier de Podologue pendant plus de 30 ans, aujourd\u2019hui \u00e0 la retraite.<\/p><p id=\"u5217-6\">Il s\u2019est tout d\u2019abord orient\u00e9 vers des m\u00e9decines globales (r\u00e9flexologie, m\u00e9decine \u00e9nerg\u00e9tique chinoise, comportementale etc. \u2026) , puis s\u2019est form\u00e9 \u00e0 la psychologie transpersonnelle, \u00e0 la psychanalyse active et \u00e0 la passionnante d\u00e9couverte des lois biologiques universelles.<\/p><p id=\"u5217-9\">Il a mis au point une lecture d\u2019empreinte de pied o\u00f9 se lisent les probl\u00e9matiques de vie li\u00e9es \u00e0 notre vie actuelle, \u00e0 celle de l\u2019enfance et au transg\u00e9n\u00e9rationnel.<\/p><p id=\"u5217-12\">Chercheur en qu\u00eate de sens reliant l\u2019inconscient au conscient pour mieux en saisir les messages cach\u00e9s afin d\u2019apaiser et de cicatriser les blessures si longtemps congel\u00e9es.<\/p><p id=\"u5217-15\">Tous les s\u00e9minaires se font dans le plus grand respect de l\u2019histoire de chacun, de chacune, sans aucun jugement, ni critique.<\/p><p>Son outil majeur et indispensable c\u2019est\u00a0:\u00a0<strong>LES PROCESSUS<\/strong><\/p><p id=\"u5217-19\">Processus : Etymologie latine : procedere (aller de l\u2019avant, marcher en t\u00eate)<\/p><p>C\u2019est la mise en\u00a0VIVANCE, (en mouvement) des probl\u00e9matiques congel\u00e9es de l\u2019arbre g\u00e9n\u00e9alogique en lien avec notre propre histoire de vie.<\/p><p>C\u2019est un v\u00e9ritable travail qui passe par le corps, court-circuitant totalement le mental, laissant toute la place \u00e0 l\u2019intuition, l\u2019inspiration et la sensation.<\/p><p>Gr\u00e2ce \u00e0 ces constellations, l\u2019\u00e9nergie contenue si longtemps se remet \u00e0 circuler, la Joie, reprend sa place.<\/p>\t\t\n\t\t\t\t\t\t\t\t\t\t\t\t\t\t\t<img width=\"450\" height=\"581\" src=\"http:\/\/astragale74.fr\/wp-content\/uploads\/2023\/01\/MICHEL-CHARRUYER.jpg\" alt=\"\" loading=\"lazy\" srcset=\"https:\/\/astragale74.fr\/wp-content\/uploads\/2023\/01\/MICHEL-CHARRUYER.jpg 450w, https:\/\/astragale74.fr\/wp-content\/uploads\/2023\/01\/MICHEL-CHARRUYER-232x300.jpg 232w, https:\/\/astragale74.fr\/wp-content\/uploads\/2023\/01\/MICHEL-CHARRUYER-400x516.jpg 400w\" sizes=\"(max-width: 450px) 100vw, 450px\" \/>\t\t\t\t\t\t\t\t\t\t\t\t\t\t\t\n\t\t\t<h2><a href=\"https:\/\/astragale74.fr\/?page_id=2046\">Contact<\/a><\/h2>\t\t\n\t\t<p>Association l\u2019Astragale<\/p><p>533 route de chez le Fran\u00e7ais<\/p><p>74270 Chilly<\/p><p><strong>07 49 58 34 83<\/strong><\/p><p><strong>astragale74@yahoo.com<\/strong><\/p>\t\t\n\t\t\t<a href=\"https:\/\/astragale74.fr\/?page_id=1753\" role=\"button\">\n\t\t\t\t\t\tD\u00e9couvrir le calendrier\n\t\t\t\t\t<\/a>\n\t\t\t\t\t\t\t\t\t\t\t\t\t\t\t<img width=\"1463\" height=\"553\" src=\"http:\/\/astragale74.fr\/wp-content\/uploads\/2022\/12\/Lastragale-1-e1671273612749.png\" alt=\"\" loading=\"lazy\" srcset=\"https:\/\/astragale74.fr\/wp-content\/uploads\/2022\/12\/Lastragale-1-e1671273612749.png 1463w, https:\/\/astragale74.fr\/wp-content\/uploads\/2022\/12\/Lastragale-1-e1671273612749-300x113.png 300w, https:\/\/astragale74.fr\/wp-content\/uploads\/2022\/12\/Lastragale-1-e1671273612749-1024x387.png 1024w, https:\/\/astragale74.fr\/wp-content\/uploads\/2022\/12\/Lastragale-1-e1671273612749-768x290.png 768w, https:\/\/astragale74.fr\/wp-content\/uploads\/2022\/12\/Lastragale-1-e1671273612749-1080x408.png 1080w\" sizes=\"(max-width: 1463px) 100vw, 1463px\" \/>","_et_gb_content_width":"","footnotes":""},"class_list":["post-1900","page","type-page","status-publish","hentry"],"_links":{"self":[{"href":"https:\/\/astragale74.fr\/index.php?rest_route=\/wp\/v2\/pages\/1900","targetHints":{"allow":["GET"]}}],"collection":[{"href":"https:\/\/astragale74.fr\/index.php?rest_route=\/wp\/v2\/pages"}],"about":[{"href":"https:\/\/astragale74.fr\/index.php?rest_route=\/wp\/v2\/types\/page"}],"author":[{"embeddable":true,"href":"https:\/\/astragale74.fr\/index.php?rest_route=\/wp\/v2\/users\/1"}],"replies":[{"embeddable":true,"href":"https:\/\/astragale74.fr\/index.php?rest_route=%2Fwp%2Fv2%2Fcomments&post=1900"}],"version-history":[{"count":131,"href":"https:\/\/astragale74.fr\/index.php?rest_route=\/wp\/v2\/pages\/1900\/revisions"}],"predecessor-version":[{"id":3683,"href":"https:\/\/astragale74.fr\/index.php?rest_route=\/wp\/v2\/pages\/1900\/revisions\/3683"}],"wp:attachment":[{"href":"https:\/\/astragale74.fr\/index.php?rest_route=%2Fwp%2Fv2%2Fmedia&parent=1900"}],"curies":[{"name":"wp","href":"https:\/\/api.w.org\/{rel}","templated":true}]}}